{"id":12196,"date":"2018-02-09T09:24:33","date_gmt":"2018-02-09T09:24:33","guid":{"rendered":"https:\/\/madreolgamaria.com\/?page_id=12196"},"modified":"2018-02-09T09:24:33","modified_gmt":"2018-02-09T09:24:33","slug":"vida-samaritana","status":"publish","type":"page","link":"https:\/\/madreolgamaria.com\/?page_id=12196","title":{"rendered":"Vida samaritana"},"content":{"rendered":"<p style=\"text-align:justify;\">Cuando con frecuencia nos preguntan qu\u00e9 \u00abtipo de monjas\u00bb somos\u2026 sonre\u00edmos y respiramos hondo, porque no es f\u00e1cil de explicar.<\/p>\n<p style=\"text-align:justify;\">Normalmente el interlocutor espera una respuesta que nos sit\u00fae en uno de los casilleros ya existentes para monjas en la Iglesia de Dios y no es lo que solemos contestar, porque no hay casillero previo, digamos que el Esp\u00edritu Santo lo est\u00e1 \u201cacondicionando\u201d para nosotras.<\/p>\n<p style=\"text-align:justify;\">Somos monjas, eso s\u00ed: tenemos votos p\u00fablicos y eso es innegociable. Pero no somos monjas de clausura \u00abal uso\u00bb, ni tampoco propiamente religiosas de vida apost\u00f3lica activa.<\/p>\n<p><img loading=\"lazy\" decoding=\"async\" class=\"  wp-image-11958 alignleft\" src=\"https:\/\/madreolgamaria.files.wordpress.com\/2017\/11\/img-20171112-wa0076.jpg\" alt=\"IMG-20171112-WA0076.jpg\" width=\"372\" height=\"223\" srcset=\"https:\/\/madreolgamaria.com\/wp-content\/uploads\/2017\/11\/img-20171112-wa0076.jpg 1600w, https:\/\/madreolgamaria.com\/wp-content\/uploads\/2017\/11\/img-20171112-wa0076-300x180.jpg 300w, https:\/\/madreolgamaria.com\/wp-content\/uploads\/2017\/11\/img-20171112-wa0076-1024x614.jpg 1024w, https:\/\/madreolgamaria.com\/wp-content\/uploads\/2017\/11\/img-20171112-wa0076-768x461.jpg 768w, https:\/\/madreolgamaria.com\/wp-content\/uploads\/2017\/11\/img-20171112-wa0076-1536x922.jpg 1536w\" sizes=\"auto, (max-width: 372px) 100vw, 372px\" \/><\/p>\n<p style=\"text-align:justify;\">Lo primero no lo somos porque no tenemos clausura papal, ni vivimos la vida mon\u00e1stica seg\u00fan la tradici\u00f3n de la Iglesia. Y lo segundo tampoco, porque nosotras no realizamos ninguna labor social, sino que nuestro apostolado es puramente espiritual: la oraci\u00f3n y ayudar a nuestros hermanos a tomar conciencia de su propia interioridad, del alma inmortal que llevan en su ser.<\/p>\n<p style=\"text-align:justify;\">As\u00ed que somos un vino nuevo que va mejorando en un odre nuevo. La Iglesia nos ha dado un tiempo para que ese vino madure y mejore y llegue a ser exquisito. Y en ello estamos: dej\u00e1ndonos hacer por el Esp\u00edritu, tratando de permanecer abiertas a su acci\u00f3n.<\/p>\n<p style=\"text-align:justify;\">Combinamos la acci\u00f3n sumamente sencilla, con el apostolado y la contemplaci\u00f3n.<\/p>\n<p style=\"text-align:justify;\">La \u00abacci\u00f3n\u00bb \u2015si se puede denominar as\u00ed\u2015 consiste en el trabajo, que es sencillo y manual, as\u00ed como todas las iniciativas y proyectos que abordamos, siempre al servicio del testimonio y del carisma. Cualquier altavoz es v\u00e1lido para gritar al mundo: ferias, medios de comunicaci\u00f3n, charlas, editorial, salidas a parroquias\u2026<\/p>\n<p><img loading=\"lazy\" decoding=\"async\" class=\" alignright\" src=\"https:\/\/madreolgamaria.files.wordpress.com\/2017\/11\/img_20171105_173007_470-1.jpg?w=680\" alt=\"IMG_20171105_173007_470-1.jpg\" width=\"433\" height=\"243\" \/><\/p>\n<p style=\"text-align:justify;\">Nuestro apostolado se realiza de diversas maneras y seg\u00fan lo que Dios va dictando: acogiendo a quienes se nos acercan, escuchando, hablando y dialogando, publicando\u2026<\/p>\n<p style=\"text-align:justify;\">Y sobre todo permaneciendo abiertas a lo que Dios nos pueda pedir. El testimonio es fundamental y la disponibilidad absoluta es una de las l\u00edneas m\u00e1s caracter\u00edsticas de la vida samaritana. La Carmelita Samaritana es una especie de todoterreno de Dios, que vive al mismo tiempo la pobreza y la obediencia de manera radical en la absoluta inmediatez de hacer lo que se le pida sin pre\u00e1mbulos, sin c\u00e1lculos, ni grandes planificaciones, minuto a minuto, como, cuando y donde Dios quiera.<\/p>\n<p style=\"text-align:justify;\">La Voluntad de Dios es nuestra vida, nuestra celda, nuestro claustro, la atm\u00f3sfera que intentamos respirar.<\/p>\n<p style=\"text-align:justify;\">Ser flexibles y maleables para poder dar en cada momento lo que se requiere. Recias en el amor y en la determinaci\u00f3n de ser puras pertenencias de Dios, y d\u00f3ciles y abiertas a todo lo que \u00c9l nos pida en cada momento, con una obediencia alegre, sencilla y pronta. En lo grande y en lo peque\u00f1o: en aceptar un cambio de casa o en prestar el peque\u00f1o servicio de sacar la basura al punto de recogida.<\/p>\n<p style=\"text-align:justify;\"><img loading=\"lazy\" decoding=\"async\" class=\" size-full wp-image-9051 aligncenter\" src=\"https:\/\/madreolgamaria.files.wordpress.com\/2016\/11\/wp-1479985354597.jpg\" alt=\"wp-1479985354597.jpg\" width=\"644\" height=\"645\" srcset=\"https:\/\/madreolgamaria.com\/wp-content\/uploads\/2016\/11\/wp-1479985354597.jpg 644w, https:\/\/madreolgamaria.com\/wp-content\/uploads\/2016\/11\/wp-1479985354597-300x300.jpg 300w, https:\/\/madreolgamaria.com\/wp-content\/uploads\/2016\/11\/wp-1479985354597-150x150.jpg 150w\" sizes=\"auto, (max-width: 644px) 100vw, 644px\" \/><\/p>\n<p style=\"text-align:justify;\">Ese despojo radical es otra de nuestras se\u00f1as de identidad, junto con la alegr\u00eda y el amor por lo peque\u00f1o, lo sencillo y lo cotidiano.<\/p>\n<p style=\"text-align:justify;\">El trabajo manual y el hecho de que todo sea de todas, es otra caracter\u00edstica de la vida samaritana. Todo es com\u00fan y compartido; todo es de todas: el talento de una hermana es de todas, el sufrimiento y el dolor de una tambi\u00e9n lo es de todas. Y la unidad por encima todo, como deseo supremo de Jes\u00fas.<\/p>\n","protected":false},"excerpt":{"rendered":"<p>Cuando con frecuencia nos preguntan qu\u00e9 \u00abtipo de monjas\u00bb somos\u2026 sonre\u00edmos y respiramos hondo, porque no es f\u00e1cil de explicar. Normalmente el interlocutor espera una respuesta que nos sit\u00fae en uno de los casilleros ya existentes para monjas en la Iglesia de Dios y no es lo que solemos contestar, porque no hay casillero previo, [&hellip;]<\/p>\n","protected":false},"author":2,"featured_media":11949,"parent":0,"menu_order":0,"comment_status":"closed","ping_status":"closed","template":"","meta":{"footnotes":""},"tags":[],"class_list":["post-12196","page","type-page","status-publish","has-post-thumbnail","hentry"],"jetpack_sharing_enabled":true,"_links":{"self":[{"href":"https:\/\/madreolgamaria.com\/index.php?rest_route=\/wp\/v2\/pages\/12196","targetHints":{"allow":["GET"]}}],"collection":[{"href":"https:\/\/madreolgamaria.com\/index.php?rest_route=\/wp\/v2\/pages"}],"about":[{"href":"https:\/\/madreolgamaria.com\/index.php?rest_route=\/wp\/v2\/types\/page"}],"author":[{"embeddable":true,"href":"https:\/\/madreolgamaria.com\/index.php?rest_route=\/wp\/v2\/users\/2"}],"replies":[{"embeddable":true,"href":"https:\/\/madreolgamaria.com\/index.php?rest_route=%2Fwp%2Fv2%2Fcomments&post=12196"}],"version-history":[{"count":0,"href":"https:\/\/madreolgamaria.com\/index.php?rest_route=\/wp\/v2\/pages\/12196\/revisions"}],"wp:featuredmedia":[{"embeddable":true,"href":"https:\/\/madreolgamaria.com\/index.php?rest_route=\/wp\/v2\/media\/11949"}],"wp:attachment":[{"href":"https:\/\/madreolgamaria.com\/index.php?rest_route=%2Fwp%2Fv2%2Fmedia&parent=12196"}],"wp:term":[{"taxonomy":"post_tag","embeddable":true,"href":"https:\/\/madreolgamaria.com\/index.php?rest_route=%2Fwp%2Fv2%2Ftags&post=12196"}],"curies":[{"name":"wp","href":"https:\/\/api.w.org\/{rel}","templated":true}]}}